u - (-7 - -32)/5. Calculate the greatest common divisor of 423 and k.
47
Let l(b) = 12*b**2 + 4*b - 2. Let m be l(1). Suppose -m*s = -1 + 1. Suppose -3*f - 3*f + 720 = s. Calculate the highest common divisor of f and 24.
24
Suppose -4*m - 176*m = -60480. What is the greatest common divisor of m and 1449?
21
Let h = -7036 - -7909. Calculate the greatest common divisor of h and 117.
9
Let a = 772 - 445. Suppose -3*i + a = -2*i. Let n = i - 192. What is the highest common divisor of n and 15?
15
Let i(p) = -p**3 - 47*p**2 + 8*p - 445. Let m be i(-48). What is the greatest common factor of m and 10?
5
Let l(w) = -1382*w + 4234. Let a be l(3). Suppose -v = -2*c - 0*v + 91, 4*v = -12. What is the greatest common factor of a and c?
44
Suppose -3*f = 4*t - 97, 5*f + 16*t - 181 = 19*t. Suppose 0 = -2*m + 4*m - 140. What is the highest common factor of m and f?
35
Let g be 4/7*21*(-7)/42. Let c be (3/g)/((-60)/40)*3. Suppose 0 = -4*j + 2*j + 42. Calculate the highest common factor of j and c.
3
Let v = 6220 + -5596. What is the greatest common divisor of 1456 and v?
208
Let q(m) = m**2 + 4*m + 1. Let i be q(-7). Let t = -83280 + 83282. Calculate the highest common factor of i and t.
2
Suppose 0 = 5*l - 13*x + 16*x - 4708, 5*x - 30 = 0. What is the highest common divisor of 402 and l?
134
Let y(q) = q**3 - 85*q**2 + 102*q - 182. Let d be y(84). What is the greatest common factor of d and 14?
14
Let w(d) = -149*d - 4173. Let n be w(-34). What is the highest common divisor of n and 95?
19
Suppose 0 = -5*p - 2*k + 8133, k - 6504 = -36*p + 32*p. Calculate the highest common factor of 65 and p.
65
Suppose 18 = 6*v - 0*v. Let f be v/(-9 + 6) + (-1 - -74). What is the highest common factor of 1152 and f?
72
Suppose -5*c + 2*d = -3*d - 45, -c + 4*d + 21 = 0. Let m = 131 + c. Suppose 0 = 4*f - 20 - 48. What is the greatest common divisor of f and m?
17
Suppose -26*k - 261098 = -1415186. Calculate the highest common factor of 108 and k.
108
Let y(k) = k**3 - 7*k**2 + 4*k + 17. Let h be y(7). What is the highest common divisor of h and 171?
9
Suppose -130756 = -4*s - 4*g, -g - 20023 + 85404 = 2*s. Calculate the greatest common divisor of 44 and s.
44
Suppose -222605 + 536885 = 18*v. What is the highest common divisor of 54 and v?
18
Let o be ((-36)/(-22))/(-6) - (-2339447)/121. Calculate the greatest common factor of o and 14.
14
Let m = -3495 - -3787. Calculate the highest common factor of m and 1898.
146
Let g(z) = 8*z**2 - 32*z - 16. Let n be g(7). What is the highest common factor of n and 14744?
152
Let y(i) = i**3 - 8*i**2 + 10*i - 10. Let s be y(7). Suppose 9735*p + 1265 = 9758*p. Calculate the greatest common divisor of s and p.
11
Let d = 7824 + -7808. Calculate the greatest common divisor of 24464 and d.
16
Let f(b) = 17*b**2 - 21*b + 50. Let o(w) = -8*w**2 + 10*w - 25. Let q(r) = -3*f(r) - 7*o(r). Let d be q(-5). What is the greatest common divisor of d and 111?
37
Suppose -1044 = -5*a + a. Let w(v) be the third derivative of 7*v**4/6 + v**3/6 + v**2 + 7. Let x be w(1). Calculate the highest common divisor of a and x.
29
Let o be ((-2)/(-4))/(((-20)/(-16))/5). Let b be (o - 2)*17/(-51). Suppose b = -6*p + 2 + 16. What is the greatest common factor of p and 5?
1
Let w be (-12)/(-10) - 4/(-20)*69. What is the greatest common divisor of w and 4215?
15
Suppose -7*l - 1236 + 3812 = 0. What is the highest common factor of l and 16?
16
Let m = -3637 + 3728. What is the greatest common factor of m and 13?
13
Let p = 284 + -149. Let n = p - 120. What is the greatest common factor of n and 55?
5
Let c(f) be the first derivative of -25*f**2/2 + 17*f - 59. Let d be c(-7). What is the greatest common factor of 12 and d?
12
Let k(w) = 32*w**2 + 5*w + 1. Let q be k(6). Suppose -8*x - q = -15*x. What is the highest common divisor of x and 13?
13
Suppose -260 = -4*d + 4*n, 0*d = 2*d - n - 125. Let r = d - 57. Let b(l) = 5*l - 3. Let f be b(3). Calculate the greatest common divisor of r and f.
3
Suppose -5*b + 2*i + 52 = 0, -i - 48 = -5*b + 8. Suppose -51*o - 150 = -56*o. What is the greatest common factor of b and o?
6
Suppose 2 + 194 = 2*b. Let o be (9/12)/((-23)/(-92)). Suppose -3*n + 5*z = -104, -2*n + 7*n - 128 = -o*z. What is the greatest common factor of n and b?
14
Let z(v) = -2*v**3 - 4*v**2 - 3*v - 2. Let u be z(-2). Let a = -8 + -48. Let x = 100 + a. Calculate the highest common factor of u and x.
4
Suppose 2*a = -n + 1, -2*a + n + 0*n = 9. Let w be (a + (-9 - -1))*-10. Let o = -21 - -31. What is the greatest common factor of w and o?
10
Let d = -2906 + 4401. Suppose 26*r - 21*r = d. Calculate the highest common factor of r and 23.
23
Let t(k) = k**3 - 2*k**2 + 7*k + 10. Let s be t(-8). Let w = 717 + s. Calculate the greatest common divisor of w and 527.
31
Let o(a) = 17*a + 88. Let w be o(-5). Let h = -23 - -25. Suppose -160 = -w*r - h*r - 4*y, y + 107 = 4*r. What is the highest common divisor of r and 56?
28
Suppose 4700 = 8*j + 1028. Suppose 2*q - 28 = -3*p, q + 3*p - 19 = -8. What is the greatest common factor of q and j?
17
Let a(i) = 6*i**3 - 4*i**2 - 11*i - 129. Let p be a(9). What is the greatest common factor of p and 78?
78
Let z = -7010 + 7050. What is the greatest common factor of z and 872?
8
Let r(j) = -j**3 + 39*j**2 - 381*j + 30. Let i be r(19). Let b be 0*-2*2/(-12). Suppose b = -4*n + 161 + 15. Calculate the greatest common divisor of n and i.
11
Suppose -4043 = -6*d - 2531. Calculate the greatest common factor of 372 and d.
12
Let y be 9321/195 - (-2)/10. Let h be 1*62 + -55 + y. Calculate the highest common divisor of h and 1485.
55
Suppose -3*k = 296 - 2120. Suppose -62 = 26*d - k. Calculate the greatest common divisor of 84 and d.
21
Let s(l) = l**2 + 17*l - 82. Let v be s(-23). Let c(w) = -25*w - 213. Let p be c(-13). Calculate the highest common factor of p and v.
56
Let q = 62 + -66. Let h be ((-62)/(-5))/(q*2/(-20)). Calculate the greatest common factor of 434 and h.
31
Let h be -1 - -58 - (-153)/17. Let y = 30 + 25. What is the greatest common divisor of h and y?
11
Suppose -48 = 3*x - 66, 0 = -3*n + 2*x + 3348. Calculate the highest common factor of n and 60.
20
Let c = -140 + 142. Suppose -5*o - c*r = -7 - 23, -1 = 3*o + 5*r. Let g be (-438)/(-11) - 2/(-11). What is the greatest common factor of o and g?
8
Suppose -49*x + 660 = -44*x. Suppose 129*k + 432 = x*k. Suppose 5*u - 30 = 30. Calculate the greatest common divisor of u and k.
12
Let n = -1490 + 5618. Calculate the greatest common factor of 48 and n.
48
Let x = 2864 - 2818. Let w be 70 + (-1 - -2)*-1. Calculate the greatest common divisor of x and w.
23
Suppose q + 5*m + 187 = 0, 513 = -3*q + 8*m - 7*m. Let s = 217 + q. Calculate the greatest common factor of 450 and s.
45
Let u(s) = 4*s**2 + 356*s - 267. Let n be u(-95). What is the highest common factor of 528 and n?
33
Suppose -45*q + 5726 = -7729. What is the greatest common factor of q and 23?
23
Let r = -2369 + 5017. Calculate the greatest common factor of 4 and r.
4
Suppose 0 = 49*n + 15*n - 525760. Calculate the highest common divisor of n and 155.
155
Suppose -5*n - 28 + 3 = -5*i, -3*n - i = 3. Let x = 89 + n. What is the greatest common divisor of 58 and x?
29
Let p = -831 + 897. Calculate the highest common divisor of p and 275.
11
Let d be ((-57)/19)/((-6)/20). Let m(u) = 8*u**2 - 37*u + 43. Let l be m(d). What is the highest common divisor of 43 and l?
43
Let k(m) = -5*m**3 - 3*m + 4. Let f be k(-4). Suppose u - 3*u + f = 0. Suppose 5*a + 18 = -4*c + u, c = -5. Calculate the greatest common divisor of a and 68.
34
Let z be (-46585)/(-105) - (-22)/(-6). Let w be (-44)/33*(-30 + 0). What is the highest common factor of w and z?
40
Suppose 108*s - 2955 - 167 - 334 = 0. Calculate the highest common divisor of s and 9488.
16
Let d = 1099 + -1108. Let k(x) = -x**2 - 9*x**2 - 6*x - x**3 + 7 - 6*x. Let c be k(d). What is the highest common factor of 34 and c?
34
Suppose 4*q + 5*u = 9639 + 3327, -3*q + 9672 = -5*u. Calculate the highest common factor of q and 198.
66
Suppose a - 2 = 2. Let b(p) = 6*p**3 + 2*p**2 + 2*p - 2. Let k be b(1). Let s be 16/a - k/(-1). Calculate the greatest common divisor of s and 6.
6
Let f = 15433 + -14842. Calculate the highest common divisor of 3 and f.
3
Let x(d) = -d**2 + 13*d + 3. Let